{"id":963,"date":"2018-02-11T13:52:09","date_gmt":"2018-02-11T13:52:09","guid":{"rendered":"http:\/\/jsutromso.org\/?page_id=963"},"modified":"2018-03-04T18:21:26","modified_gmt":"2018-03-04T18:21:26","slug":"fagkritisk-rekke","status":"publish","type":"page","link":"https:\/\/jsutromso.org\/?page_id=963","title":{"rendered":"Fagkritisk Rekke"},"content":{"rendered":"<div id=\"pl-963\"  class=\"panel-layout\" ><div id=\"pg-963-0\"  class=\"panel-grid panel-has-style\" ><div style=\"padding: 100px 0; \" data-overlay=\"true\" data-overlay-color=\"#000000\" class=\"panel-row-style panel-row-style-for-963-0\" ><div id=\"pgc-963-0-0\"  class=\"panel-grid-cell\" ><div id=\"panel-963-0-0-0\" class=\"so-panel widget widget_sow-editor panel-first-child panel-last-child\" data-index=\"0\" ><div style=\"text-align: left;\" data-title-color=\"#47425d\" data-headings-color=\"#443f3f\" data-title_alignment=\"center\" class=\"panel-widget-style panel-widget-style-for-963-0-0-0\" ><div\n\t\t\t\n\t\t\tclass=\"so-widget-sow-editor so-widget-sow-editor-base\"\n\t\t\t\n\t\t>\n<div class=\"siteorigin-widget-tinymce textwidget\">\n\t<p>Fagkritisk rekke er et faglig supplement til studentene ved Det juridiske fakultet i Troms\u00f8.<\/p>\n<p>Foredragene skal gi studentene et fagkritisk og forskningsrelatert innblikk i rettsvitenskapen. Form\u00e5let med foredragene er at de skal engasjere og inspirere studentene utenom det faglige tilbudet de f\u00e5r gjennom den ordin\u00e6re undervisningen. Videre skal foredraget belyse tema som er dagsaktuelle og\/eller lite behandlet gjennom pensumlitteraturen.<\/p>\n<p>Foredragsholderne velges med omhu, og skal v\u00e6re respekterte navn innenfor det juridiske felleskap. Foredragene har en varighet p\u00e5 ca. 1 time og det er \u00e5pent for \u00e5 stille sp\u00f8rsm\u00e5l til foredragsholderen etter foredraget.<\/p>\n<p>Fagkritisk rekke var opprinnelig et samarbeidsprosjekt mellom JSU Bergen, Oslo og Troms\u00f8. F\u00f8rste foredragsrekke ble avholdt i 2012, hvor det overordnede tema var \"metodel\u00e6ren\".<\/p>\n<p>Foredragsholdere var;<br \/>- Stipendiat ved UiT Roger Stelander Magnussen<br \/>- Professor ved UiB J\u00f8rn \u00d8yrehagen Sunde<br \/>- Professor ved UiO Hans Petter Graver<\/p>\n<p>Andre gang Fagkritisk rekke ble avholdt i regi av de tre JSUene var i 2013 og 2014. Det overordnede tema var da \"rettsikkerhet\".<\/p>\n<p>Foredragsholdere ved arrangementet i Troms\u00f8 var;<br \/>- F\u00f8rsteamanuensis ved UiT Susann Funderud Skogvang, som snakket om samers rettssikkerhet.<br \/>- Medierettsadvokat Jon Wessel-Aas, kontaktet av JSU Bergen, som snakket om ytringsfrihet og media.<\/p>\n<p>De seneste \u00e5rene har Fagkritisk rekke blitt arrangert i regi av JSU Troms\u00f8 og vi har hatt gleden av \u00e5 kunne tilby en rekke spennende foredrag for studentene i Troms\u00f8;<br \/>- \"M\u00e5 dommeren alltid d\u00f8mme etter gjeldende rett?\" - Professor Hans Petter Graver ved Det juridiske fakultet, UiO.<br \/>- \"Den skjulte tvangen\" - F\u00f8rsteamanuensis Marius Storvik ved Det juridiske fakultet, UiT. <br \/>- \"Domstolene og uavhengigheten\" - H\u00f8yesterettsdommer Wenche Elizabeth Arntzen.<br \/>- \"Bak lukkede d\u00f8rer i H\u00f8yesterett\" - Professor Jens Edvin A. Skogh\u00f8y ved Det juridiske fakultet, UiT. <br \/>- \"Dommerens vurderinger\" - F\u00f8rsteamanuensis Jussi E. Pedersen ved Det juridiske fakultet, UiT. <br \/>- \"Utviklingen mot overv\u00e5kningsstaten - konsekvenser for det liberale demokratiet\" - tidligere H\u00f8yesterettsdommer Ketil Lund. <br \/>- \"H\u00f8yesterett, grunnlovsreformen og h\u00e5ndhevelse av menneskerettighetene\" - H\u00f8yesterettsdommer Arnfinn B\u00e5rdsen. <\/p>\n<\/div>\n<\/div><\/div><\/div><\/div><\/div><\/div><\/div>","protected":false},"excerpt":{"rendered":"<p>Fagkritisk rekke er et faglig supplement til studentene ved Det juridiske fakultet i Troms\u00f8. Foredragene skal gi studentene et fagkritisk og forskningsrelatert innblikk i rettsvitenskapen. Form\u00e5let med foredragene er at de skal engasjere og inspirere studentene utenom det faglige tilbudet de f\u00e5r gjennom den ordin\u00e6re undervisningen. Videre skal foredraget belyse tema som er dagsaktuelle og\/eller [&hellip;]<\/p>\n","protected":false},"author":1,"featured_media":0,"parent":0,"menu_order":2200,"comment_status":"closed","ping_status":"closed","template":"","meta":{"_acf_changed":false,"footnotes":""},"class_list":["post-963","page","type-page","status-publish","hentry"],"acf":[],"_links":{"self":[{"href":"https:\/\/jsutromso.org\/index.php?rest_route=\/wp\/v2\/pages\/963","targetHints":{"allow":["GET"]}}],"collection":[{"href":"https:\/\/jsutromso.org\/index.php?rest_route=\/wp\/v2\/pages"}],"about":[{"href":"https:\/\/jsutromso.org\/index.php?rest_route=\/wp\/v2\/types\/page"}],"author":[{"embeddable":true,"href":"https:\/\/jsutromso.org\/index.php?rest_route=\/wp\/v2\/users\/1"}],"replies":[{"embeddable":true,"href":"https:\/\/jsutromso.org\/index.php?rest_route=%2Fwp%2Fv2%2Fcomments&post=963"}],"version-history":[{"count":2,"href":"https:\/\/jsutromso.org\/index.php?rest_route=\/wp\/v2\/pages\/963\/revisions"}],"predecessor-version":[{"id":1194,"href":"https:\/\/jsutromso.org\/index.php?rest_route=\/wp\/v2\/pages\/963\/revisions\/1194"}],"wp:attachment":[{"href":"https:\/\/jsutromso.org\/index.php?rest_route=%2Fwp%2Fv2%2Fmedia&parent=963"}],"curies":[{"name":"wp","href":"https:\/\/api.w.org\/{rel}","templated":true}]}}