{"id":949,"date":"2018-02-11T13:41:59","date_gmt":"2018-02-11T13:41:59","guid":{"rendered":"http:\/\/jsutromso.org\/?page_id=949"},"modified":"2020-03-09T14:41:07","modified_gmt":"2020-03-09T14:41:07","slug":"dokumenter","status":"publish","type":"page","link":"https:\/\/jsutromso.org\/?page_id=949","title":{"rendered":"Juridisk fagr\u00e5d"},"content":{"rendered":"\n<p>Juridisk fagr\u00e5d skal fremme studentenes felles interesser ved de juridiske fakultetene. Fagr\u00e5det skal v\u00e6re et samtaleforum for studentutvalgene ved de juridiske fakultetene og fremme samarbeidet mellom disse. <\/p>\n\n\n<div\n\t\t\t\n\t\t\tclass=\"so-widget-sow-icon so-widget-sow-icon-default-ef3e143a7a32\"\n\t\t\t\n\t\t>\n<div class=\"sow-icon-container sow-icon\">\n\t\t\t\t<\/div>\n<\/div>\n\n<div\n\t\t\t\n\t\t\tclass=\"so-widget-sow-button so-widget-sow-button-atom-ee73c499c862\"\n\t\t\t\n\t\t><div class=\"ow-button-base ow-button-align-left\"\n>\n\t\t\t<a\n\t\t\t\t\thref=\"http:\/\/jsutromso.org\/?page_id=225\"\n\t\t\t\t\tclass=\"sowb-button ow-icon-placement-left ow-button-hover\" \t>\n\t\t<span>\n\t\t\t\n\t\t\tStatutter for Juridisk fagr\u00e5d\t\t<\/span>\n\t\t\t<\/a>\n\t<\/div>\n<\/div>\n\n\n<p><\/p>\n\n\n\n<p><\/p>\n\n\n<div\n\t\t\t\n\t\t\tclass=\"so-widget-sow-button so-widget-sow-button-atom-ee73c499c862\"\n\t\t\t\n\t\t><div class=\"ow-button-base ow-button-align-left\"\n>\n\t\t\t<a\n\t\t\t\t\thref=\"http:\/\/jsutromso.org\/?page_id=1605\"\n\t\t\t\t\tclass=\"sowb-button ow-icon-placement-left ow-button-hover\" \t>\n\t\t<span>\n\t\t\t\n\t\t\tReferat fra Juridisk fagr\u00e5d\t\t<\/span>\n\t\t\t<\/a>\n\t<\/div>\n<\/div>\n\n\n<p><\/p>\n","protected":false},"excerpt":{"rendered":"<p>Juridisk fagr\u00e5d skal fremme studentenes felles interesser ved de juridiske fakultetene. Fagr\u00e5det skal v\u00e6re et samtaleforum for studentutvalgene ved de juridiske fakultetene og fremme samarbeidet mellom disse.<\/p>\n","protected":false},"author":1,"featured_media":0,"parent":0,"menu_order":1004,"comment_status":"closed","ping_status":"closed","template":"","meta":{"_acf_changed":false,"footnotes":""},"class_list":["post-949","page","type-page","status-publish","hentry"],"acf":[],"_links":{"self":[{"href":"https:\/\/jsutromso.org\/index.php?rest_route=\/wp\/v2\/pages\/949","targetHints":{"allow":["GET"]}}],"collection":[{"href":"https:\/\/jsutromso.org\/index.php?rest_route=\/wp\/v2\/pages"}],"about":[{"href":"https:\/\/jsutromso.org\/index.php?rest_route=\/wp\/v2\/types\/page"}],"author":[{"embeddable":true,"href":"https:\/\/jsutromso.org\/index.php?rest_route=\/wp\/v2\/users\/1"}],"replies":[{"embeddable":true,"href":"https:\/\/jsutromso.org\/index.php?rest_route=%2Fwp%2Fv2%2Fcomments&post=949"}],"version-history":[{"count":5,"href":"https:\/\/jsutromso.org\/index.php?rest_route=\/wp\/v2\/pages\/949\/revisions"}],"predecessor-version":[{"id":1608,"href":"https:\/\/jsutromso.org\/index.php?rest_route=\/wp\/v2\/pages\/949\/revisions\/1608"}],"wp:attachment":[{"href":"https:\/\/jsutromso.org\/index.php?rest_route=%2Fwp%2Fv2%2Fmedia&parent=949"}],"curies":[{"name":"wp","href":"https:\/\/api.w.org\/{rel}","templated":true}]}}