{"id":947,"date":"2018-02-11T13:40:22","date_gmt":"2018-02-11T13:40:22","guid":{"rendered":"http:\/\/jsutromso.org\/?page_id=947"},"modified":"2018-03-20T13:23:11","modified_gmt":"2018-03-20T13:23:11","slug":"aktiviteter","status":"publish","type":"page","link":"https:\/\/jsutromso.org\/?page_id=947","title":{"rendered":"Aktiviteter"},"content":{"rendered":"<div id=\"pl-947\"  class=\"panel-layout\" ><div id=\"pg-947-0\"  class=\"panel-grid panel-has-style\" ><div style=\"padding: 100px 0; \" data-overlay=\"true\" class=\"panel-row-style panel-row-style-for-947-0\" ><div id=\"pgc-947-0-0\"  class=\"panel-grid-cell\" ><div id=\"panel-947-0-0-0\" class=\"so-panel widget widget_sow-editor panel-first-child panel-last-child\" data-index=\"0\" ><div style=\"text-align: left;\" data-title-color=\"#47425d\" data-headings-color=\"#443f3f\" data-title_alignment=\"center\" class=\"panel-widget-style panel-widget-style-for-947-0-0-0\" ><div\n\t\t\t\n\t\t\tclass=\"so-widget-sow-editor so-widget-sow-editor-base\"\n\t\t\t\n\t\t>\n<div class=\"siteorigin-widget-tinymce textwidget\">\n\t<p>JSU har en rekke aktiviteter og ordninger for studentene ved Det juridiske fakultet. Hensikten med disse er \u00e5 legge til rette for et best mulig studiemilj\u00f8 for studentene faglig, s\u00e5 vel som sosialt.<\/p>\n<p>Blant disse finner du tillitsvalgtordningen, Fagkritisk rekke, Jusspust, undervisningsprisen, faste kontorplasser for masterstudentene og tildeling av st\u00f8ttemidler.<\/p>\n<\/div>\n<\/div><\/div><\/div><\/div><\/div><\/div><\/div>","protected":false},"excerpt":{"rendered":"<p>JSU har en rekke aktiviteter og ordninger for studentene ved Det juridiske fakultet. Hensikten med disse er \u00e5 legge til rette for et best mulig studiemilj\u00f8 for studentene faglig, s\u00e5 vel som sosialt. Blant disse finner du tillitsvalgtordningen, Fagkritisk rekke, Jusspust, undervisningsprisen, faste kontorplasser for masterstudentene og tildeling av st\u00f8ttemidler.<\/p>\n","protected":false},"author":1,"featured_media":0,"parent":0,"menu_order":2000,"comment_status":"closed","ping_status":"closed","template":"","meta":{"_acf_changed":false,"footnotes":""},"class_list":["post-947","page","type-page","status-publish","hentry"],"acf":[],"_links":{"self":[{"href":"https:\/\/jsutromso.org\/index.php?rest_route=\/wp\/v2\/pages\/947","targetHints":{"allow":["GET"]}}],"collection":[{"href":"https:\/\/jsutromso.org\/index.php?rest_route=\/wp\/v2\/pages"}],"about":[{"href":"https:\/\/jsutromso.org\/index.php?rest_route=\/wp\/v2\/types\/page"}],"author":[{"embeddable":true,"href":"https:\/\/jsutromso.org\/index.php?rest_route=\/wp\/v2\/users\/1"}],"replies":[{"embeddable":true,"href":"https:\/\/jsutromso.org\/index.php?rest_route=%2Fwp%2Fv2%2Fcomments&post=947"}],"version-history":[{"count":2,"href":"https:\/\/jsutromso.org\/index.php?rest_route=\/wp\/v2\/pages\/947\/revisions"}],"predecessor-version":[{"id":1276,"href":"https:\/\/jsutromso.org\/index.php?rest_route=\/wp\/v2\/pages\/947\/revisions\/1276"}],"wp:attachment":[{"href":"https:\/\/jsutromso.org\/index.php?rest_route=%2Fwp%2Fv2%2Fmedia&parent=947"}],"curies":[{"name":"wp","href":"https:\/\/api.w.org\/{rel}","templated":true}]}}