{"id":1219,"date":"2018-03-04T18:23:00","date_gmt":"2018-03-04T18:23:00","guid":{"rendered":"http:\/\/jsutromso.org\/?page_id=1219"},"modified":"2018-03-04T18:23:37","modified_gmt":"2018-03-04T18:23:37","slug":"1219-2","status":"publish","type":"page","link":"http:\/\/jsutromso.org\/?page_id=1219","title":{"rendered":"Retningslinjer for tillitsvalgte"},"content":{"rendered":"<div id=\"pl-1219\"  class=\"panel-layout\" ><div id=\"pg-1219-0\"  class=\"panel-grid panel-has-style\" ><div style=\"padding: 100px 0; \" data-overlay=\"true\" data-overlay-color=\"#000000\" class=\"panel-row-style panel-row-style-for-1219-0\" ><div id=\"pgc-1219-0-0\"  class=\"panel-grid-cell\" ><div id=\"panel-1219-0-0-0\" class=\"so-panel widget widget_sow-editor panel-first-child panel-last-child\" data-index=\"0\" ><div style=\"text-align: left;\" data-title-color=\"#47425d\" data-headings-color=\"#443f3f\" data-title_alignment=\"center\" class=\"panel-widget-style panel-widget-style-for-1219-0-0-0\" ><div\n\t\t\t\n\t\t\tclass=\"so-widget-sow-editor so-widget-sow-editor-base\"\n\t\t\t\n\t\t>\n<div class=\"siteorigin-widget-tinymce textwidget\">\n\t<p><span style=\"text-decoration: underline;\"><b>Gjennomf\u00f8ring av valg<\/b><\/span><\/p>\n<p><strong><i>\u00a7 1 Antall tillitsvalgte<\/i><\/strong><\/p>\n<p><i>\u00a0<\/i>Det skal velges to tillitsvalgte p\u00e5 hver avdeling. Er det f\u00e5 studenter p\u00e5 5. avdeling kan det velges en person som representerer hele avdelingen.<\/p>\n<p><strong><i>\u00a7 2 Valgtidspunkt<\/i><\/strong><\/p>\n<p><i>\u00a0<\/i>Det informeres om tillitsvalgtordning, dato og tidspunkt for valg p\u00e5 informasjonsm\u00f8tet ved oppstart av avdelingen. Valget skal holdes innen 1 uke. P\u00e5 1. avdeling kan denne fristen utsettes til 2 uker etter f\u00f8rste ordin\u00e6re forelesning.<\/p>\n<p><strong><i>\u00a7 3 Representative studenter<\/i><\/strong><\/p>\n<p><i>\u00a0<\/i>Det skal velges to studenter p\u00e5 avdelingen som representerer avdelingen i sin helhet.<\/p>\n<p>De to tillitsvalgte skal s\u00e5 langt det er mulig representere forskjellige grupperinger innen avdelingen.<\/p>\n<p>Kandidater kan ikke samtidig inneha andre verv som JSU administrerer.<\/p>\n<p><strong><i>\u00a7 4 Skriftlig valg<\/i><\/strong><\/p>\n<p>Studentene kan foresl\u00e5 seg selv eller andre villige studenter p\u00e5 avdelingen som kandidat til valget.<\/p>\n<p>Avstemmingen skal foreg\u00e5 skriftlig dersom det er flere enn to nominerte p\u00e5 den aktuelle avdelingen. Avtemmingen skal gjennomf\u00f8res umiddelbart etter nominasjonen av samtlige kandidater.<\/p>\n<p>De to kandidatene som har f\u00e5tt flest stemmer er valgt.<\/p>\n<p><strong><i>\u00a7 5 Nytt valg<\/i><\/strong><\/p>\n<p><i>\u00a0<\/i>Juridisk studentutvalg (JSU) forbeholder seg retten til \u00e5 foreta nytt valg. Nytt valg skjer hvis det skulle vise seg at den valgte representant ikke gjennomf\u00f8rer sine oppgaver tilfredsstillende,\u00a0eller denne ikke lenger er \u00f8nsket av studentene p\u00e5 avdelingen.<\/p>\n<p><strong><span style=\"text-decoration: underline;\">Tillitsvalgtes oppgaver<\/span><\/strong><\/p>\n<p><strong><i>\u00a0<\/i><i>\u00a7 6 Deltakelse i fakultetets kvalitetssikringssystem<\/i><\/strong><\/p>\n<p>Tillitsvalgte skal gi muntlig tilbakemelding til avdelingsutvalget hvert semester gjennom evalueringsm\u00f8ter som fakultetet innkaller til. Rapporten kan gis skriftlig,\u00a0men fritar ikke for deltakelse p\u00e5 evalueringsm\u00f8tet, fordi det er et viktig forum for dialog mellom fakultetet og studentene.<\/p>\n<p><strong><i>\u00a7 7 Innhold i evalueringsrapport<\/i><\/strong><\/p>\n<p>Tilbakemeldingen skal inneholde positive og negative sider studieforhold og l\u00e6ringsmilj\u00f8. Spesielt skal det legges vekt p\u00e5 undervisere, undervisningsmateriell, administrering, studentaktivitet og liknende forhold.<\/p>\n<p>Tilbakemeldingen skal omhandle forhold siste semesteret.<\/p>\n<p><strong><i>\u00a0<\/i><i>\u00a7 8 Innsamling av informasjon til evalueringsrapport<\/i><\/strong><\/p>\n<p><i>\u00a0<\/i>Grunnlag for evalueringsrapporten kan oppn\u00e5s gjennom dialog med studentene og et sp\u00f8rreskjema som kan deles ut i sammenheng med fakultetets seminarmateriell eller lignende.<\/p>\n<p><strong><i>\u00a0<\/i><i>\u00a7 9 Godtgj\u00f8relse for evalueringsm\u00f8ter<\/i><\/strong><\/p>\n<p><i>\u00a0<\/i>Godtgj\u00f8relse til tillitsvalgte p\u00e5 avdelingen gj\u00f8res med samme satser som studentrepresentanter i fakultetsstyret og studieutvalg for det dobbelte av det antall timer som g\u00e5r med til evalueringsm\u00f8tene.<\/p>\n<p><strong><i>\u00a0<\/i><i>\u00a7 10 Deltakelse p\u00e5 allm\u00f8ter<\/i><\/strong><\/p>\n<p><i>\u00a0<\/i>Det forventes at tillitsvalgte informerer studentene p\u00e5 sin avdelingen om allm\u00f8ter holdt av Juridisk studentutvalg, og at tillitsvalgte deltar p\u00e5 disse.<\/p>\n<p><strong><i>\u00a7 11\u00a0Tilleggsarbeid<\/i><\/strong><\/p>\n<p>Juridisk studentutvalg kan, med kvalifisert flertall, p\u00e5legge tillitsvalgte oppgaver som er relevante for tillitsmannsvervet.<\/p>\n<p><strong><i>\u00a0<\/i><i>\u00a7 12 Diverse<\/i><\/strong><\/p>\n<p><i>\u00a0<\/i>Bilde og kontaktinformasjon av tillitsvalgte kan publiseres.<\/p>\n<\/div>\n<\/div><\/div><\/div><\/div><\/div><\/div><\/div>","protected":false},"excerpt":{"rendered":"<p>Gjennomf\u00f8ring av valg \u00a7 1 Antall tillitsvalgte \u00a0Det skal velges to tillitsvalgte p\u00e5 hver avdeling. Er det f\u00e5 studenter p\u00e5 5. avdeling kan det velges en person som representerer hele avdelingen. \u00a7 2 Valgtidspunkt \u00a0Det informeres om tillitsvalgtordning, dato og tidspunkt for valg p\u00e5 informasjonsm\u00f8tet ved oppstart av avdelingen. Valget skal holdes innen 1 uke. [&hellip;]<\/p>\n","protected":false},"author":1,"featured_media":0,"parent":0,"menu_order":2110,"comment_status":"closed","ping_status":"closed","template":"","meta":{"_acf_changed":false,"footnotes":""},"class_list":["post-1219","page","type-page","status-publish","hentry"],"acf":[],"_links":{"self":[{"href":"http:\/\/jsutromso.org\/index.php?rest_route=\/wp\/v2\/pages\/1219","targetHints":{"allow":["GET"]}}],"collection":[{"href":"http:\/\/jsutromso.org\/index.php?rest_route=\/wp\/v2\/pages"}],"about":[{"href":"http:\/\/jsutromso.org\/index.php?rest_route=\/wp\/v2\/types\/page"}],"author":[{"embeddable":true,"href":"http:\/\/jsutromso.org\/index.php?rest_route=\/wp\/v2\/users\/1"}],"replies":[{"embeddable":true,"href":"http:\/\/jsutromso.org\/index.php?rest_route=%2Fwp%2Fv2%2Fcomments&post=1219"}],"version-history":[{"count":4,"href":"http:\/\/jsutromso.org\/index.php?rest_route=\/wp\/v2\/pages\/1219\/revisions"}],"predecessor-version":[{"id":1223,"href":"http:\/\/jsutromso.org\/index.php?rest_route=\/wp\/v2\/pages\/1219\/revisions\/1223"}],"wp:attachment":[{"href":"http:\/\/jsutromso.org\/index.php?rest_route=%2Fwp%2Fv2%2Fmedia&parent=1219"}],"curies":[{"name":"wp","href":"https:\/\/api.w.org\/{rel}","templated":true}]}}