{"id":1038,"date":"2018-02-11T15:44:32","date_gmt":"2018-02-11T15:44:32","guid":{"rendered":"http:\/\/jsutromso.org\/?page_id=1038"},"modified":"2018-02-11T15:44:32","modified_gmt":"2018-02-11T15:44:32","slug":"allmotet-2","status":"publish","type":"page","link":"http:\/\/jsutromso.org\/?page_id=1038","title":{"rendered":"Allm\u00f8tet"},"content":{"rendered":"<div id=\"pl-1038\"  class=\"panel-layout\" ><div id=\"pg-1038-0\"  class=\"panel-grid panel-has-style\" ><div style=\"padding: 100px 0; \" data-overlay=\"true\" class=\"panel-row-style panel-row-style-for-1038-0\" ><div id=\"pgc-1038-0-0\"  class=\"panel-grid-cell\" ><div id=\"panel-1038-0-0-0\" class=\"so-panel widget widget_sow-editor panel-first-child panel-last-child\" data-index=\"0\" ><div style=\"text-align: left;\" data-title-color=\"#47425d\" data-headings-color=\"#443f3f\" data-title_alignment=\"center\" class=\"panel-widget-style panel-widget-style-for-1038-0-0-0\" ><div\n\t\t\t\n\t\t\tclass=\"so-widget-sow-editor so-widget-sow-editor-base\"\n\t\t\t\n\t\t>\n<div class=\"siteorigin-widget-tinymce textwidget\">\n\t<p>Allm\u00f8tet er det h\u00f8yeste politiske organet for studentene ved Det juridiske fakultet i Troms\u00f8.<\/p>\n<p>JSU innkaller til allm\u00f8te en gang for hvert semester, hvor studentene gis anledning til \u00e5 v\u00e6re med p\u00e5 \u00e5 bestemme hva JSU skal arbeide med. Her diskuteres aktuelle saker og styret redegj\u00f8r for utf\u00f8rt arbeid og pengebruk foreg\u00e5ende semester. Styret fremlegger \u00e5rsregnskap og budsjett for godkjenning, og dersom det foresl\u00e5s vedtektsendringer er det allm\u00f8tet som vedtar disse.\u00a0<\/p>\n<p>Under allm\u00f8tet velges styrets medlemmer, samt eksterne representanter til Fakultetsstyret og Studieutvalget. Det gjennomf\u00f8res ogs\u00e5 valg av fakultetets representant i Studentparlamentet.<\/p>\n<p>Alle studenter ved Det juridiske fakultet har stemmerett og kan stille til valg.<\/p>\n<\/div>\n<\/div><\/div><\/div><\/div><\/div><\/div><\/div>","protected":false},"excerpt":{"rendered":"<p>Allm\u00f8tet er det h\u00f8yeste politiske organet for studentene ved Det juridiske fakultet i Troms\u00f8. JSU innkaller til allm\u00f8te en gang for hvert semester, hvor studentene gis anledning til \u00e5 v\u00e6re med p\u00e5 \u00e5 bestemme hva JSU skal arbeide med. Her diskuteres aktuelle saker og styret redegj\u00f8r for utf\u00f8rt arbeid og pengebruk foreg\u00e5ende semester. Styret fremlegger [&hellip;]<\/p>\n","protected":false},"author":1,"featured_media":0,"parent":0,"menu_order":1002,"comment_status":"closed","ping_status":"closed","template":"","meta":{"_acf_changed":false,"footnotes":""},"class_list":["post-1038","page","type-page","status-publish","hentry"],"acf":[],"_links":{"self":[{"href":"http:\/\/jsutromso.org\/index.php?rest_route=\/wp\/v2\/pages\/1038","targetHints":{"allow":["GET"]}}],"collection":[{"href":"http:\/\/jsutromso.org\/index.php?rest_route=\/wp\/v2\/pages"}],"about":[{"href":"http:\/\/jsutromso.org\/index.php?rest_route=\/wp\/v2\/types\/page"}],"author":[{"embeddable":true,"href":"http:\/\/jsutromso.org\/index.php?rest_route=\/wp\/v2\/users\/1"}],"replies":[{"embeddable":true,"href":"http:\/\/jsutromso.org\/index.php?rest_route=%2Fwp%2Fv2%2Fcomments&post=1038"}],"version-history":[{"count":2,"href":"http:\/\/jsutromso.org\/index.php?rest_route=\/wp\/v2\/pages\/1038\/revisions"}],"predecessor-version":[{"id":1040,"href":"http:\/\/jsutromso.org\/index.php?rest_route=\/wp\/v2\/pages\/1038\/revisions\/1040"}],"wp:attachment":[{"href":"http:\/\/jsutromso.org\/index.php?rest_route=%2Fwp%2Fv2%2Fmedia&parent=1038"}],"curies":[{"name":"wp","href":"https:\/\/api.w.org\/{rel}","templated":true}]}}